**4/12 + p**3/6 + p**2. Determine w(j).
11
Suppose 0 = -2*g + 5*z + 29, 4*z = -5*g - 0*z + 56. Suppose 2*r = -2*r - g. Let j be r + (-1 + 1 - -2). Let a(q) = 7*q**3 - q**2 + 1. Calculate a(j).
-7
Suppose 0 = -4*k + 4*z - 20, k = 5*k - z + 5. Suppose k + 7 = -t. Let x(l) = l**3 + 8*l**2 + 9*l + 10. Determine x(t).
-4
Let g(n) = -n**2 + 6*n - 4. Suppose -3*b + 3*f - 2*f = -12, 4*f = 0. What is g(b)?
4
Let l(r) be the third derivative of r**6/120 - r**5/15 - r**4/24 - r**3/6 + 4*r**2. What is l(3)?
-13
Let p(o) = o**2 + 3*o - 1. Let b = 4 + -1. Suppose -4*c + 21 = -3*s, b*s + 2*c - 1 + 4 = 0. Give p(s).
-1
Let z(i) be the first derivative of -i**4/4 - 4*i**3/3 + 5*i**2/2 + 7*i - 1. What is z(-5)?
7
Let m(j) be the first derivative of -1/6*j**4 - 1/2*j**2 - 3 - 1/60*j**5 + 0*j + 0*j**3. Let x(k) be the second derivative of m(k). What is x(-4)?
0
Let w(h) = 2*h**3 + 4*h**2 - 2*h + 4. Let z(u) be the first derivative of 5*u**4/4 + 4*u**3 - 3*u**2 + 12*u - 2. Let x(t) = 8*w(t) - 3*z(t). Determine x(3).
-7
Suppose -4*a = a - 40. Suppose -3*u + a = -u. Suppose u*f - 16 = 6*f + 3*t, 4*f + 3*t = -20. Let g(c) = -c**3 - 2*c**2 - c - 1. Calculate g(f).
1
Let b be (-2 + (4 - 3))*-8. Let f(i) = i**3 - 8*i**2 - i + 2. Let a be f(b). Let j(w) = -w**2 - 8*w - 9. What is j(a)?
3
Let w(j) = 10*j**2 + 4*j + 3. Let n(g) = -11*g**2 - 5*g - 4. Let q = 2 + -5. Let y(k) = q*n(k) - 4*w(k). Determine y(-1).
-6
Let i(o) = -4*o**2 - 13 + o**2 + 4*o**2 + 12. Suppose -2*n + 3*m + 2 = -1, 0 = n - 3*m - 6. Calculate i(n).
8
Let x(w) be the third derivative of w**4/24 + 5*w**3/6 + 8*w**2. Give x(-3).
2
Let b(x) be the first derivative of 6*x + 0*x**2 - 1 - 1/3*x**3. Calculate b(0).
6
Let k(g) = -8*g - 4. Let u(n) = -2*n - 1. Let y(m) = -2*k(m) + 7*u(m). Suppose 6*x - 2*x - 16 = 0. What is y(x)?
9
Let o(k) = -4*k**2 + 1 + 0*k + k**3 - k - 2*k**3. Suppose -5*y + 16 + 24 = 0. Let n(x) = -x**3 + 8*x**2 - 2. Let i be n(y). Calculate o(i).
-5
Let a(p) be the first derivative of p**2/2 - 4*p - 2. What is a(-5)?
-9
Suppose -14*s + 5 = 75. Let g(p) be the second derivative of 1/20*p**5 - 7/6*p**3 - 2*p**2 - p + 1/3*p**4 + 0. What is g(s)?
6
Let l(c) = 18*c + 2 - 14*c - 6*c + 2. Calculate l(7).
-10
Let q(x) = x. Let l(p) = 2*p. Let y(i) = l(i) - q(i). What is y(1)?
1
Let k(b) = b**2 + 0*b**2 + 3*b + 1 - 2. Let c(r) = 3*r - 3. Let l be c(-4). Let a be (-6)/l - 12/5. Determine k(a).
-3
Suppose 0*t + 2*t - 2 = 0. Let w(g) = 5*g + 5. Let x(c) = -1. Let d(j) = -w(j) - 6*x(j). Determine d(t).
-4
Let n(z) = z**2 + 2*z - 1. Let j be 1 + -1 - (-1 - 2). Suppose 4*f + 2*p - 8 = j*p, -2*p = -3*f + 11. What is n(f)?
2
Let l(h) = 45*h - 1 - 87*h + 41*h - h**3. Calculate l(0).
-1
Let h(f) = f + 1. Let b(s) = 10*s + 5. Let t be (-3 + 0 + 2)/1. Let a(j) = t*b(j) + 6*h(j). Let w be 6/(-2) + -4 + 9. What is a(w)?
-7
Let x(o) = 5*o + 16 + o**2 - 12 + 0*o. Give x(-6).
10
Let b(j) = -j + 2. Let q be b(2). Suppose q = 3*p + 6. Let d(h) = h**3 + h**2 - 3*h - 2. Give d(p).
0
Let z = 202 + -200. Let d(g) = -g + 2*g**2 + 2*g + g**2 + 7. Let a(o) = -o**2 - 3. Let v(s) = -5*a(s) - 2*d(s). Determine v(z).
-7
Let c(o) = 2*o**2 - 3*o**2 - 4 - 3*o**2 - o**3. What is c(-4)?
-4
Suppose -6*h + 2*h + t + 12 = 0, h - t = 6. Let b(m) be the first derivative of 2*m - 3 + 1/2*m**h. Calculate b(4).
6
Let a = -19 - -15. Let b(m) = 2*m + 3. Determine b(a).
-5
Suppose -2*w - 12 = -4*w. Let c be 15/w + 1/(-2). Let m(d) = 0 + d + 2 - 1 - 3*d**c. Calculate m(-1).
-3
Let m(y) = y**3 - 4*y**2 + 1. Suppose -5*f + 20 = 3*n, 16 = -0*f + 4*f + n. Give m(f).
1
Let d(s) be the first derivative of -2*s**2 - 2*s + 36. Give d(2).
-10
Let t(o) = -o**2 + 2*o - 6. Let p(i) = -2*i**2 + 2*i - 5. Let x(d) = -5*p(d) + 4*t(d). Let w(h) = 3*h - 35. Let l be w(12). What is x(l)?
5
Let c(i) = -2*i - 8. Let w be c(-4). Let y(k) = 1 + 14*k + k**2 + w - 4 - 9*k. Give y(-3).
-9
Let f(j) be the third derivative of j**4/24 + j**3/2 + j**2. Let u be f(-4). Let b(y) = -12*y + 1. Determine b(u).
13
Suppose -4*d + u + 27 = 0, 2*d - 31 = -2*u - u. Let x(r) = r**2 - 10*r + 11. Give x(d).
-5
Let l(x) = 3*x - 26 + 48 - 24. What is l(-6)?
-20
Suppose -3*t = -5*b - 2*t + 24, 0 = -2*t + 2. Let p(a) = 1 + 2 + 4*a - b*a + 3. What is p(0)?
6
Suppose 2*u = 5*u + 6. Let c = 5 + u. Let y(w) = 0*w**3 + 3 - 7*w**2 + 5*w**c - 6*w - 2*w**3 - 4*w**3. Give y(-6).
3
Let h(i) = i**2 - 2*i - 6 + 7 - 5*i. Determine h(5).
-9
Let c be (-3 + -1 - -4) + -1. Let i(d) = -2*d**2 - 1. Let l(r) = -r**2 - r**2 + r**2. Let s(g) = c*i(g) - 2*l(g). Calculate s(-1).
5
Let x(g) = -g**2 + 8*g - 5. Let s = 9 + -2. Let z be x(s). Let i(u) = u + 2 + z*u - u + 4. Determine i(-4).
-2
Let i(t) be the second derivative of 2*t**2 + 3*t - t**3 + 1/12*t**4 + 0. Give i(6).
4
Suppose u - 61 = -64. Let i(o) = -4*o + 3. Calculate i(u).
15
Let b(g) be the second derivative of g**3/6 + 4*g**2 + g. Give b(-7).
1
Let g(a) = -a - 4. Let c(x) be the first derivative of -2 + 9*x + 5*x**2 - 1/3*x**3. Let q be c(11). Give g(q).
-2
Let o(z) = 8 + 7 - 2*z - 17. Give o(-2).
2
Let b(i) = 5*i**3 - 2*i**2 - 4*i + 9. Let g(f) = -9*f**3 + 3*f**2 + 8*f - 17. Let y(x) = 7*b(x) + 4*g(x). What is y(-4)?
11
Let g(k) = -k**2 + 6*k - 4. Let b(n) = 2*n**2 - 2*n + 2. Let x be b(3). Suppose -4*a + x = 2. What is g(a)?
5
Let v(t) be the third derivative of -t**6/120 - t**5/60 + t**4/24 + t**3/6 - t**2. Let r be (-1)/4 + 104/32. Suppose -r*w = -w. Calculate v(w).
1
Suppose 0 = -w - 1 - 3, 2*w = -o - 16. Let u(v) = -v + 4. What is u(o)?
12
Let a(y) = -y**2 - 7*y - 9. Let j be a(-7). Let v be (2 + 0)/(6/j). Let f(p) = p**2 + p + 1. Give f(v).
7
Let q = -4 + 3. Let v be (3*-1 - q) + 2. Let h(p) = 2 + 2*p**2 - 10*p + 5*p - p**2 + 4*p. Calculate h(v).
2
Let u = 4 - 2. Let w(i) = 2 - i**u - i + i. Let y be (-2)/(-3) - (-2)/(-3). Calculate w(y).
2
Suppose 3*p - 9 = 2*g, -p - 1 = -2*g - 0. Suppose -3*n = -g*f + 21, -2*f + f - 23 = 5*n. Let c(m) = 5*m + m**2 - m**2 - m**3 - 3 + 3*m**f. Give c(4).
1
Let u(c) = 2*c**3 - 3*c**2 - 4*c - 2. Let j(q) = -5*q**3 + 10*q**2 + 11*q + 5. Let w(g) = 3*j(g) + 8*u(g). Determine w(-6).
-7
Suppose 3*d + 0 = 27. Let j be ((-3)/(d/6))/2. Let m be 1 - -2 - j - -1. Let y(z) = z**3 - 6*z**2 + 2*z + 7. What is y(m)?
-8
Let u(s) = s + 2. Let b(j) be the third derivative of j**5/60 - j**3/2 - 3*j**2. Let i be b(0). What is u(i)?
-1
Suppose 0 = -2*v - 2 + 6. Let l(t) = -t**v + 0 + t + 1 + 0*t - 9. Suppose 0 = -2*d - d. What is l(d)?
-8
Let i(d) = 8 + 10*d**2 - d**2 + 15*d**3 - 14*d**3. Give i(-9).
8
Let a(c) = c**2 + 5*c + 4. Let z(p) = p**2 - 4*p. Let o be z(3). Give a(o).
-2
Let t be (2/4)/((-2)/(-28)). Let x be (-16)/7 - (-2)/t. Let u = -4 - x. Let q(g) = -g**3 - 3*g**2 - 2*g - 3. Give q(u).
-3
Suppose -21 = -3*m - 168. Let p be 7/(-2)*84/m. Let t(j) = -j**2 + 6*j + 7. What is t(p)?
7
Let y(i) be the first derivative of -i**4/4 + 5*i**3/3 + 4*i**2 - 5*i + 14. Determine y(6).
7
Let f(m) = m**3 - 5*m**2 - 5*m + 1. Suppose 4*d = -t - 5, 6*d = d - 3*t - 15. Suppose 2*u - 5 - 7 = d. Give f(u).
7
Let n(u) = 3*u - 6 + 6 + 7. Let j = 0 - -2. Let k = j + -7. Calculate n(k).
-8
Let w(y) = y**2 - 8*y + 6. Let u = -2 - -6. What is w(u)?
-10
Let n = 63 - 65. Let p(d) = d**3 + 4*d**2 + 2*d - 1. Give p(n).
3
Let z(w) = 8*w**2 - 6*w**2 - w**2 + 0*w**2 - 2. Let a(j) = -j - 8. Suppose -3*q - 4*l = 6 + 28, -4*q - 2*l - 32 = 0. Let n be a(q). What is z(n)?
2
Let j(m) = -m**2 + 3 + 3 + 2*m + m. Let t be (45/18)/(1/2). Give j(t).
-4
Let h(l) = l**2 + 3*l - 2. Let i be h(-4). Suppose -3*m - 4*x = -26, -m + 5 = 3*x - 12. Let t(z) = -4*z + 5*z**m + i*z + z. Give t(-1).
6
Let d(g) = -g**2 + g + 1. Let y(s) = -s + 4. Let j be (-1)/((-6)/4 - -2). Let q be 5/j*(-4 + 2). Let o be y(q). What is d(o)?
-1
Let z(i) = 3*i - 2*i**2 + 3*i**3 - 1 + 4 - 4*i**3. Give z(-2).
-3
Suppose 2*r = 3*x - r + 3, 0 = x - 3*r + 7. Let q(w) = -2*w**2 - w**2 + 3*w**2 - w**2 + w. Give q(x).
-2
Let v(f) = -f**2 - 4*f + 7. Let o be v(-5). Let q(z) be the third derivative of z**4/8 - z**3/6 - 3*z**2. What is q(o)?
5
Let z(t) = -t**3 + 4. Let a(q) = q**3 - 16*q**2 + 16*q - 15. Let p be a(15). What is z(p)?
4
Let n be -78*(2 + (-3)/2). Let z be n/(-33) + 4/(-22). Let q(g) = -2 + 2 + 1 - 2*g**2. Calculate q(z).
-1
Suppose -15 = -7*r + 2*r. Let i(g) be the second derivative of -7*g*